lculate the remainder when x is divided by 3.
0
Calculate the remainder when (90/25)/(4/30) is divided by 14.
13
Suppose -3*x + 9 = -5*g - 10, -3*g = -4*x + 7. Let l(z) = 2*z**2 - 2*z - 1. Calculate the remainder when 43 is divided by l(x).
10
Suppose 2*f = -0*f + 116. Calculate the remainder when f is divided by 8/6*(8 + 7).
18
Suppose -l + c = -8, 3*l + 4*c = -0*l + 38. Suppose -l*a - 365 = -15*a. What is the remainder when a is divided by 15?
13
Suppose -n - p = 8, n + 5*p = -0*p. Let o = 7 + n. Let r(t) = 3*t**2 - 3*t + 4. Calculate the remainder when r(o) is divided by 14.
12
Let b = 13 - 13. Suppose 2*i = 4*a - 34, -3 = -i - b*i. Calculate the remainder when 17 is divided by a.
7
Suppose 0 = -5*f + 9 + 1, -2*t + f = 10. Let j(b) = b**2 + 3*b + 3. What is the remainder when 13 is divided by j(t)?
6
Suppose 14*a - 240 = -44. What is the remainder when 82 is divided by a?
12
Let n(i) = 2*i + 11. What is the remainder when n(-4) is divided by 2?
1
Let c(b) = -b + 5. Let a be c(6). Let s = 14 + a. What is the remainder when 23 is divided by s?
10
Calculate the remainder when (-4)/(4 - 12)*78 is divided by 14.
11
Suppose 2*j = f - 22, -4*f = -3*f + 5*j + 6. Suppose 4*v = 2*v + 6. What is the remainder when (-2)/v*(-231)/f is divided by 6?
5
Suppose 2*x = 37 - 3. Let k(c) = c**3 - 6*c**2 - 4*c - 6. Let h be k(7). Let p = h - 5. Calculate the remainder when x is divided by p.
7
Let b = 81 + -58. Let j = -9 + 17. What is the remainder when b is divided by j?
7
Let t(r) = r**3 + 3*r**2 - 2*r + 1. Suppose -2*u - 3*u - 15 = 0. Let p = 0 - -11. What is the remainder when p is divided by t(u)?
4
Suppose 4*s = -0*s + 32. Let h(d) = 7*d - 1. What is the remainder when (-2)/(-8) + 78/s is divided by h(1)?
4
Let w(u) be the first derivative of -1/3*u**3 + 9/2*u**2 - 3 + 3*u. Calculate the remainder when 21 is divided by w(8).
10
Let q be 18/12*(0 + 14). Suppose -7*j = -4*j - q. What is the remainder when 11 is divided by j?
4
Let h = -88 - -59. Let p = -9 - h. Let a = 85 - p. What is the remainder when a is divided by 22?
21
Let w(h) = 2 + 8*h - 15*h + 7*h + 5*h. Calculate the remainder when 23 is divided by w(2).
11
Suppose 0 = 3*d + 5*w - 31, w = d + 6*w - 17. What is the remainder when d is divided by 3?
1
Suppose 0 = -2*m - 5*s + 16, -m + s - 4 = 2. Let o = 121 - m. Calculate the remainder when o is divided by 31.
30
Let l(j) = j**3 - 6*j**2 - j - 5. Suppose 2*p + 2*m = 32, p + 2*m - 4 = -3*m. Calculate the remainder when l(7) is divided by p.
18
Suppose -w + 1 + 4 = 0. Suppose w*k - 35 - 35 = 0. What is the remainder when k is divided by 2/(-4)*-4 + 2?
2
What is the remainder when 38 is divided by (1/2)/((-6)/(-96))?
6
Suppose 0 = -4*s + 62 - 22. Calculate the remainder when s is divided by 3.
1
Suppose x = -5 + 3. What is the remainder when 34 + (x + 4 - 4) is divided by 11?
10
Suppose 4*h - 56 = -0*h + 4*d, -2*h + 4*d = -34. Suppose -3*w + 1 = -h. Calculate the remainder when w is divided by (2 - 1)/(2/6).
1
Let f be ((-10)/(-15))/((-2)/3). Let k = f + 10. Calculate the remainder when k is divided by 5.
4
Let y = -29 - -54. What is the remainder when 48 is divided by y?
23
Suppose -2*n = -3*s + 32 + 65, -2*s = -2*n - 68. Let i(j) = 10*j**3 - j**2 + j. Calculate the remainder when s is divided by i(1).
9
Suppose -3*o = c - 19, c = -c - 5*o + 40. Let x = 45 - c. What is the remainder when x is divided by (4/6)/((-2)/(-33))?
9
Let o(v) = 2*v**2 - 23*v - 10. What is the remainder when o(12) is divided by 1?
0
Let b(f) = -43*f**3 + f + 1. Suppose 13 + 27 = 4*k. Calculate the remainder when b(-1) is divided by (3/1)/(2/k).
13
Suppose 0*d = 5*u + d - 20, -3*d + 9 = -2*u. Suppose 6*q + o - 35 = 2*q, 4*q - 39 = 3*o. Calculate the remainder when q is divided by u.
0
Let w(q) = -11*q**2 + 20*q - 17. Let o(j) = 4*j**2 - 7*j + 6. Let m(u) = -8*o(u) - 3*w(u). Calculate the remainder when 58 is divided by m(6).
13
Suppose -r - 12 = -85. What is the remainder when r is divided by 25?
23
Let o = -24 + 36. Calculate the remainder when 35 is divided by o.
11
Suppose -27 = -5*m + 48. Suppose -2*o + 115 = -27. Suppose 4*v = -5*q + 132, -45 = -4*v - q + o. Calculate the remainder when v is divided by m.
13
Calculate the remainder when 18 is divided by (12/(-10))/(6/(-20)).
2
Suppose 5*w + 10 = a - 4, -3*w = 2*a - 28. Let c(k) = 5*k + 1. Calculate the remainder when a is divided by c(1).
2
Let k = 26 - 13. What is the remainder when (-11)/4*(19 - 27) is divided by k?
9
Let u = 0 - 0. Suppose u = -4*l + f + 14, -2*f = -l + 2*l + 1. Let h(z) = -z**3 + 5*z**2 - 3*z - 4. Calculate the remainder when h(3) is divided by l.
2
Suppose 4*v - 7*v + 38 = 5*d, 2*v - 2*d = 4. What is the remainder when 70 is divided by v?
4
Let r(z) = -z**3 + 11*z**2 - 11*z - 16. Calculate the remainder when 328 is divided by r(9).
46
Let w = 117 + -59. Let z = w - 25. Let c(f) = f**2 + 1. What is the remainder when z is divided by c(4)?
16
Let z(a) = -a**2 - a - 4. Let k be z(0). Let j = 11 - -8. Calculate the remainder when 38 + (-5)/((-10)/k) is divided by j.
17
Let k(q) = q - 2. Let l be k(2). Suppose 136 = 4*m - l*m. Calculate the remainder when m is divided by (-6)/1*(-3)/2.
7
Let x(s) = 114*s - 5. What is the remainder when x(2) is divided by 32?
31
Let g(i) = 3*i - 14. Calculate the remainder when 5 is divided by g(6).
1
Let r(m) be the second derivative of m**4/12 + 2*m**3/3 - m. What is the remainder when 47 is divided by r(-6)?
11
Suppose 0 = 3*c - 2*c + 19. Let l = -10 - c. Calculate the remainder when 16 is divided by l.
7
Suppose -g = -0*g + 5*f - 31, -3*g = -4*f - 93. Calculate the remainder when 214 is divided by g.
28
Let s(g) = -g**3 - 7*g**2 - 4*g - 3. Let d = -10 - -19. Calculate the remainder when s(-7) is divided by d.
7
Suppose 3*w - 164 = -8*t + 3*t, w - 5*t - 88 = 0. Calculate the remainder when w is divided by 16.
15
Suppose 0 = 4*z + 11 + 5, -2*z = -2*o + 106. Calculate the remainder when o is divided by 13.
10
Let h = -13 + 11. What is the remainder when 5 is divided by 6 + 0 + -2 + h?
1
What is the remainder when 48/2 + 3 - -3 is divided by 12?
6
Let l(c) = c**3 + 10*c**2 + 8*c + 3. Calculate the remainder when l(-8) is divided by 23.
21
Let y = -10 + 4. Let f = 12 + y. Suppose f = 4*h - 134. Calculate the remainder when h is divided by 12.
11
Let f(p) = -4*p - 1. Let d = 86 + -27. Calculate the remainder when d is divided by f(-4).
14
Let t(s) = 2*s. Suppose k - 5*k = -12. Suppose 3*r - 70 = -2*r + 5*p, 4*r + k*p = 28. Calculate the remainder when r is divided by t(3).
4
Let k = -7 - 8. What is the remainder when 34 is divided by (-10)/k*27/2?
7
Suppose 6*g - 57 = 3*g. Calculate the remainder when 72 is divided by g.
15
Let w(f) = -f + 9. Let y be w(7). Let u(p) = -p**2 - 10*p - 22. What is the remainder when u(-6) is divided by y - (0/(-1) + 1)?
0
Suppose a - 62 = -2*m, a - 82 = -3*m + 5*a. Let x be 14/4 + 5/10. What is the remainder when m is divided by (32/(-6))/(x/(-12))?
14
Suppose 5*v + 4*i - 269 = 0, -v + 215 = 3*v + 3*i. Calculate the remainder when v is divided by 28.
25
Let w(n) = -2*n - 2. Suppose 5*j = -2*x + 80, -j + 2 + 2 = 0. Suppose 3*o + x = 4*t, 5*t - 19 - 21 = 4*o. Calculate the remainder when w(o) is divided by 10.
8
Suppose 4*p + 10 = 158. Let f = p + -21. Suppose 3*k = -4*q - 44 + 185, 235 = 5*k + 2*q. Calculate the remainder when k is divided by f.
15
Let v(d) = -24*d**3 - d**2 + d + 1. Calculate the remainder when 411/6 + (-1)/2 is divided by v(-1).
22
Let o(g) = -4*g**2 - 13*g - 25. Let d(b) = -b**2 - 3*b - 6. Let n(w) = -9*d(w) + 2*o(w). What is the remainder when n(-3) is divided by 6?
4
Suppose -3*p + 67 = -5*o, 0 = p + 5*o - 5 - 4. Suppose -c - 10 = 4*c. What is the remainder when p is divided by (-12)/(c - 2) - -4?
5
Let o be ((-7)/(-4) + -2)*-8. Let q = 1 - -10. What is the remainder when (-1)/(2*o/(-124)) is divided by q?
9
Let y(b) = b**3 - b**2 - 11*b + 22. Calculate the remainder when 76 is divided by y(4).
24
Suppose -5*a + 330 = a. What is the remainder when a is divided by 7?
6
Let x be 2/((-8)/(-3) + -2). Suppose -x*z + 15 = -27. Let o = 44 - z. Calculate the remainder when o is divided by 8.
6
Suppose -282 = -2*h - h. Suppose -h = -4*t - 2*u, t = 4*t - 4*u - 98. What is the remainder when t is divided by 14?
12
Suppose 6*x - 1